*w = -2*w + i + f. Is w a composite number?
False
Suppose -4*d + 3*z = -12, 3*d + 3*z = -3 + 12. Let l(h) = 90*h - 13. Is l(d) prime?
True
Is 6334 + (18 - 6)/(-4) a prime number?
False
Suppose -2 = -2*c + 8. Suppose -c*z = -23 - 17. Suppose -4*f + 5*n + 81 = 0, -z*n + 3*n = -2*f + 43. Is f composite?
False
Suppose -b + n = 4*b - 6, -5*n - 5 = 0. Let m(j) = 540*j**2 + 3*j - 2. Is m(b) prime?
True
Let d be (-4)/10 - 17/(-5). Suppose -y + 56 = -f - 3*f, -d*f = -5*y + 280. Suppose y + 20 = 4*j. Is j prime?
True
Let n(x) = 15*x**2 - 35*x - 121. Is n(-22) a prime number?
False
Let a be 8/20 + 36/10. Suppose a*o = 3*o + 5. Suppose 4*v = -16, -o*k + 2*v = -0*v - 178. Is k composite?
True
Suppose 4*i = -2*i + 2226. Is i prime?
False
Suppose -4*i + 2*i + 1382 = 4*t, -1715 = -5*t - 5*i. Suppose 0 = -7*d + t + 1451. Is d prime?
True
Let n(z) = z**3 - z + 1. Let i(j) = -3*j**3 - 8*j**2 + j - 3. Let m(d) = i(d) + 4*n(d). Let b(r) = r**3 + r**2 - r + 9. Let w be b(0). Is m(w) prime?
False
Is (-16 - -10) + (1 - -12702) a prime number?
True
Suppose -4*k = 4, 2*x + k - 30 = 29. Suppose -f = -40 - 13. Suppose -p = -x - f. Is p prime?
True
Is (-1)/((4/(-3946))/2) a composite number?
False
Let n be 5531*3/6*-2*5. Is n/(-15) - 3 - (-2)/6 a composite number?
True
Suppose 16*h - 17929 - 967 = 0. Is h a composite number?
False
Let y(v) = 26*v**2 - 2*v + 2. Let b be y(3). Suppose 3*w - 4*j = -122 - 223, -2*w = -2*j + b. Let m = w + 164. Is m composite?
True
Let a be 3507/(-12) - 2/(-8). Let x = -1643 - -905. Let g = a - x. Is g a prime number?
False
Suppose -8*t - 18 = -6*t. Let m be (-12)/(-1) - (t + 13). Suppose m*g = 7*g + 251. Is g prime?
True
Suppose 5*f + 2*b - 4*b - 3 = 0, -12 = 3*b. Let y = f - -95. Is y composite?
True
Let z(y) = -197*y - 12. Let u be z(9). Is 3/(-2)*(u/9 - -3) composite?
False
Is (4/16)/(((-70)/498040)/(-7)) a composite number?
False
Let u(b) = -b**3 - 3*b**2 - 2*b + 3. Let n be u(-3). Let z(t) = t**3 - 5*t**2 + 5*t - 4. Let f be z(4). Suppose n*w - 7*w - 406 = f. Is w a composite number?
True
Suppose 0 = 26*r - 30*r + 1168. Suppose 0 = -o + 6*j - 7*j + r, -295 = -o + 2*j. Is o composite?
False
Suppose -2*r = -j - 13, -4*r - 3*j = 2*j - 5. Suppose r*v + 40 = 2*m, 12 = -3*v + m - 11. Is ((-2)/(-4))/(v/(-996)) prime?
True
Suppose -3*s + 9 = 3*v, 4*v = s + 3 - 1. Let o be ((-146)/8)/(v/(-4)). Suppose 5*k + o - 258 = 0. Is k prime?
True
Suppose 0 = q + 7*m - 2*m - 24, 5*m - 20 = 0. Suppose 4*d - 1667 - 345 = q*l, 10 = 5*l. Is d a composite number?
True
Suppose 2*w = 3*i - 8*i + 3888, -12 = -3*i. Is w a prime number?
False
Suppose -4*m - 543 = -m. Let f = m + 312. Is f composite?
False
Let j = 712 - 399. Let r = j - 90. Is r a prime number?
True
Suppose -1 = s - 3. Let w be ((-2)/6)/(s/(-282)). Suppose -w = 3*q - 302. Is q a prime number?
False
Let u = -311 - -308. Let z(h) be the third derivative of -179*h**4/24 - 2*h**3/3 - 2*h**2. Is z(u) prime?
False
Let f(q) = -15*q**3 - 2*q**2 + q + 2. Suppose -7 = -4*n + 4*m - 9*m, 2 = -4*n - 2*m. Let a be f(n). Let h = 273 - a. Is h composite?
True
Let l = 123729 + -50320. Is l composite?
True
Is -7 + (4 - 0) - (-18634 + 8) prime?
False
Let p(c) = -2*c - 8. Let k = -13 - -7. Let b be p(k). Suppose -b*o + 149 = -3*o. Is o composite?
False
Suppose 0*z = -s - z + 2907, 5786 = 2*s - 5*z. Is s a composite number?
False
Suppose 7*c - 13256 = -c. Is c composite?
False
Let k = -9905 - -15250. Suppose 0*q + k = 5*q. Is q a prime number?
True
Let c(t) = -259*t + 0*t**2 - 3 + 264*t + t**2. Is c(23) prime?
True
Let w(h) = -2306*h**3 - 4*h**2 + 11*h + 16. Is w(-3) a composite number?
True
Let r = -6 - -10. Suppose 0 = -4*s - 2*l + r, l = -5*s + 8 - 0. Suppose -771 = s*w - 5*w. Is w a composite number?
False
Suppose -2*v + 104 = 4*k, 0*v = -2*k - 3*v + 44. Suppose 4 + k = 2*p. Is (4/p)/(2/1048) composite?
False
Let c(w) = -2*w - 36. Let z(o) = -2*o - 37. Let i(q) = 2*c(q) - 3*z(q). Is i(0) prime?
False
Let r(o) = 5*o**2. Let q be r(-3). Let u = q + 74. Is u a composite number?
True
Let r(c) = 7*c**2 - 4*c + 3. Let y = 61 + -31. Suppose 5 - y = -5*d. Is r(d) a prime number?
False
Let d = -14428 + 20243. Is d composite?
True
Let c(r) = 18*r**3 - 8*r**2 - r. Let p be c(9). Suppose -a + p = 14*a. Is a a composite number?
True
Suppose 4*h = 3*b - 974, 0*h + 4*h = -5*b + 1570. Suppose 4*d + z = -31, -2*z = -d - 7 - 3. Is b/8*d/(-3) a composite number?
True
Let j = -30 - -34. Suppose -j*k = -3*i + 2*i - 4968, k = -2*i + 1233. Is k prime?
False
Let y(s) = 100*s**2 + 1. Let l = -49 + 47. Is y(l) a composite number?
False
Suppose 9*n = 11*n + 2758. Let l = n - -2052. Is l prime?
True
Suppose -275 = -2*z + 207. Suppose 816 = 5*b + z. Is b prime?
False
Let n = -133 + 579. Suppose 4*u - 20 = 0, -2*h - 3*h = 5*u + 1490. Let p = n + h. Is p composite?
True
Suppose 4 = -5*c + 19. Suppose c*x - 4*x + h + 388 = 0, 4*x - 1537 = h. Suppose -5*a - 36 = 2*b - 808, x = b + 4*a. Is b composite?
True
Let m(c) = -10*c**3 - 15*c**2 - c + 31. Is m(-6) prime?
True
Suppose -j + 3505 - 897 = 0. Is (6/(-4))/((-12)/j) prime?
False
Let y = 1 + 0. Let x be (-4)/(-4) + 1321/y. Suppose -4*d + x = 382. Is d prime?
False
Let f = -36 - -25. Let l = f + 13. Suppose 0*g + g + 4*z = 354, -l*z = g - 344. Is g prime?
False
Let r be (136328/56 - -2) + (-4)/(-7). Is r/5 + 32/(-80) a composite number?
False
Let l(o) = -2*o + 13. Let x be l(5). Suppose 107 = 5*y - 3*q - 842, x*q = -2*y + 388. Is y prime?
True
Let p(b) = 6 + 4*b - 3 + 3*b - 4*b. Let r be p(-3). Let m = r + 12. Is m a composite number?
True
Let w(d) = -d**3 + 14*d**2 + 16*d - 8. Let u = 29 + -16. Let g be w(u). Let o = -146 + g. Is o a prime number?
True
Suppose -3*k - 5*p = 4, -p = -2*k + p + 8. Suppose -3*o + 87 = -k*o. Is o prime?
False
Suppose -4*a = f - 5207, f + 72*a - 5232 = 73*a. Is f prime?
True
Suppose 4 = -4*a - 0. Let j be 18 - -4*a/(-2). Suppose j = -5*h, 5*q = 3*h - 6*h + 8173. Is q a composite number?
False
Let t(j) = -314*j**3 - 2*j**2 - 2*j + 1. Is t(-3) composite?
False
Let p(z) = 7*z - 155. Let t(g) = -g. Let v(x) = -p(x) - 6*t(x). Let y = -19 - -19. Is v(y) composite?
True
Suppose -5*i + 4*i + 1061 = 4*q, q = 0. Is i composite?
False
Suppose 2*d - 6 = -0. Let i(q) = -4 + 2 + 0*q - d*q - 3*q + 25*q**2. Is i(3) a prime number?
False
Let q(c) = 12*c**2 - 2*c - 9. Let b(v) be the second derivative of v**5/20 - 11*v**4/12 + v**3/6 - 3*v**2/2 - 3*v. Let w be b(11). Is q(w) a prime number?
True
Let r(v) = 20*v**3 - 5*v**2 + 7*v + 5. Let w be r(-5). Suppose x + 4836 = -2*x. Let m = x - w. Is m a composite number?
True
Let x = 857 + -120. Is x composite?
True
Is (9335 + 2)*(6 - 20/4) prime?
True
Suppose 6*x - 10258 = 10256. Is x a prime number?
False
Let p(v) = 2*v - 11. Let a be p(0). Let r(w) = w**3 + 15*w**2 - 11*w + 8. Is r(a) a composite number?
False
Suppose 5*p + r = 10, -4*p = -2*r - 2*r - 32. Is (-2348)/(-8) - p/(-2) a prime number?
False
Suppose q + 4*q = 20. Suppose -2 = -q*v - u, 0 = -4*v - 4*u - u + 10. Suppose -3*o - 89 + 698 = v. Is o a prime number?
False
Let d be 6 - -1 - 3 - 21. Let t = 15 + d. Is t*(-5)/((-20)/(-1562)) prime?
False
Let d(t) = -494*t**3 - 2*t**2 - t - 4. Is d(-3) a prime number?
False
Let l(s) = -628*s - 45. Let h = 75 - 86. Is l(h) composite?
False
Suppose -4*o + 3008 = 4*l, l = o - 151 + 913. Is l a prime number?
True
Let t(p) be the second derivative of p**8/6720 + p**7/315 + p**6/180 + p**5/12 - 3*p**4/4 - p. Let n(a) be the third derivative of t(a). Is n(-7) composite?
False
Suppose -5*v - 8783 = -3*q, -q + 3*q + 4*v - 5826 = 0. Is q a composite number?
True
Suppose -5*l + 3*p = -18889, 4*l + p - 18142 + 3024 = 0. Suppose -2993 - l = -4*u. Is u composite?
False
Suppose -4*p + 7*p + 71515 = 4*v, p + 17878 = v. Is v a composite number?
False
Let l = 38344 + -27331. Is l composite?
True
Suppose 32*v + 2898082 = 54*v. Is v a prime number?
True
Let p be ((-80)/24)/(4/(-6)). Suppose 0 = p*q - 10 - 5, 0 = 4*z + q - 15. Suppose -n - z*n + 812 = 0. Is n prime?
False
Suppose 1126 + 2130 = -4*q. Suppose h = 5*h - 4820. Let m = h + q. Is m prime?
False
Let s be 0*-1*(2 - 3). Suppose -3*g + 2928 = 3*k, s*g + 5 = g. Is k a prime number?
True
Suppose -7629 = 2*g - 5*g + p, -4*g = -p - 10172. Is g a composite number?
False
Suppose 2*p = -p + 2916. Suppose -3*d + p